{"id":48,"date":"2020-10-18T17:26:00","date_gmt":"2020-10-18T17:26:00","guid":{"rendered":"https:\/\/new.leasvision.de\/?page_id=48"},"modified":"2020-11-01T16:43:55","modified_gmt":"2020-11-01T16:43:55","slug":"mehrwerte","status":"publish","type":"page","link":"https:\/\/www.leasvision.de\/?page_id=48","title":{"rendered":"Unsere Werte"},"content":{"rendered":"\n<h3 class=\"wp-block-heading\">Kompetenz<\/h3>\n\n\n\n<p>LeasVision ist spezialisiert auf komplexe Investitionsvorhaben, die mit anspruchsvollen Finanzierungsstrukturen realisiert werden. Seit Mitte der 80er Jahre beweisen wir unsere L\u00f6sungskompetenz bei der Entwicklung nachhaltiger und tragf\u00e4higer Finanzierungsstrukturen. Zur Realisierung dieser Strukturen pflegen wir ein umfangreiches\u00a0 Netzwerk sorgf\u00e4ltig ausgew\u00e4hlter, namhafter Finanzierungspartner im In- und Ausland, mit denen uns eine langj\u00e4hrige vertrauensvolle Zusammenarbeit verbindet.<\/p>\n\n\n\n<h3 class=\"wp-block-heading\">Objektivit\u00e4t<\/h3>\n\n\n\n<p>Unser Vorteil ist der unverstellte, objektive Blick von au\u00dfen, der entscheidend hilft, eine optimierte Finanzierungsl\u00f6sung zu entwickeln, die f\u00fcr Ihr Unternehmen einen tats\u00e4chlichen Mehrwert darstellt. LeasVision unterst\u00fctzt seine Kunden auch darin, Chancen und Risiken Ihres Unternehmens im Finanzbereich zu erkennen. Unsere besondere St\u00e4rke ist die Unabh\u00e4ngigkeit von Produkten und Anbietern.<\/p>\n\n\n\n<h3 class=\"wp-block-heading\">Individualit\u00e4t<\/h3>\n\n\n\n<p>Im Mittelpunkt unseres Denkens und Handelns stehen Sie und Ihr Finanzierungsprojekt \u2013 mit Ihren ganz speziellen W\u00fcnschen und Fragestellungen. Um Ihre hohen Erwartungen an eine professionelle und exklusive Beratung nicht nur zu erf\u00fcllen, sondern zu \u00fcbertreffen, entwickeln wir ma\u00dfgefertigte L\u00f6sungskonzepte f\u00fcr jeden einzelnen Kunden. Daher werden wir Ihnen nur L\u00f6sungen empfehlen, die passend zu Ihrer individuellen Situation sind. Unser Anspruch ist es, Sie durch unser Know-How und langj\u00e4hrige Erfahrung zu \u00fcberzeugen.<\/p>\n\n\n\n<p>Vertrauen, Kompetenz und Engagement sind Grundlagen unseres nachhaltigen Erfolgs.<\/p>\n","protected":false},"excerpt":{"rendered":"<p>Kompetenz LeasVision ist spezialisiert auf komplexe Investitionsvorhaben, die mit anspruchsvollen Finanzierungsstrukturen realisiert werden. Seit Mitte der 80er Jahre beweisen wir unsere L\u00f6sungskompetenz bei der Entwicklung nachhaltiger und tragf\u00e4higer Finanzierungsstrukturen. Zur Realisierung dieser Strukturen pflegen wir ein umfangreiches\u00a0 Netzwerk sorgf\u00e4ltig ausgew\u00e4hlter, namhafter Finanzierungspartner im In- und Ausland, mit denen uns eine langj\u00e4hrige vertrauensvolle Zusammenarbeit verbindet. Objektivit\u00e4t&hellip;<\/p>\n","protected":false},"author":1,"featured_media":0,"parent":0,"menu_order":0,"comment_status":"closed","ping_status":"closed","template":"","meta":{"kt_blocks_editor_width":"","spay_email":"","footnotes":""},"class_list":["post-48","page","type-page","status-publish","hentry"],"_links":{"self":[{"href":"https:\/\/www.leasvision.de\/index.php?rest_route=\/wp\/v2\/pages\/48","targetHints":{"allow":["GET"]}}],"collection":[{"href":"https:\/\/www.leasvision.de\/index.php?rest_route=\/wp\/v2\/pages"}],"about":[{"href":"https:\/\/www.leasvision.de\/index.php?rest_route=\/wp\/v2\/types\/page"}],"author":[{"embeddable":true,"href":"https:\/\/www.leasvision.de\/index.php?rest_route=\/wp\/v2\/users\/1"}],"replies":[{"embeddable":true,"href":"https:\/\/www.leasvision.de\/index.php?rest_route=%2Fwp%2Fv2%2Fcomments&post=48"}],"version-history":[{"count":6,"href":"https:\/\/www.leasvision.de\/index.php?rest_route=\/wp\/v2\/pages\/48\/revisions"}],"predecessor-version":[{"id":229,"href":"https:\/\/www.leasvision.de\/index.php?rest_route=\/wp\/v2\/pages\/48\/revisions\/229"}],"wp:attachment":[{"href":"https:\/\/www.leasvision.de\/index.php?rest_route=%2Fwp%2Fv2%2Fmedia&parent=48"}],"curies":[{"name":"wp","href":"https:\/\/api.w.org\/{rel}","templated":true}]}}